{"id":31,"date":"2017-02-18T16:23:21","date_gmt":"2017-02-18T16:23:21","guid":{"rendered":"http:\/\/wp.bergsaenger-geyer.de\/?page_id=31"},"modified":"2018-09-24T18:06:25","modified_gmt":"2018-09-24T18:06:25","slug":"programme","status":"publish","type":"page","link":"https:\/\/bergsaenger-geyer.de\/?page_id=31","title":{"rendered":"Programme"},"content":{"rendered":"<p>&nbsp;<\/p>\n<table border=\"0\" width=\"610\">\n<tbody>\n<tr>\n<td class=\"Ueberschrift_2\" align=\"left\">\n<h4>Programm 1<\/h4>\n<\/td>\n<td class=\"Fliesstext\" align=\"left\">\n<h5 style=\"text-align: right;\"><span class=\"Fliesstext_gr\u00fcn\">Erzgebirgsprogramm <\/span><span class=\"Fliesstext_gr\u00fcn\"> (au\u00dferhalb Advent)<\/span><\/h5>\n<\/td>\n<td><\/td>\n<\/tr>\n<tr>\n<td class=\"Fliesstext\" align=\"left\" valign=\"top\">\n<p style=\"text-align: left;\" align=\"JUSTIFY\">Programm mit beschwingten und besinnlichen Liedern und heiteren Texten aus dem Erzgebirge inklusive Ausz\u00fcgen aus der erzgebirgischen Bergbauhistorie (im cappella und a- cappella Vortrag, Moderation)<\/p>\n<\/td>\n<td class=\"Fliesstext\" align=\"left\" valign=\"top\"><img loading=\"lazy\" decoding=\"async\" class=\"alignnone size-medium wp-image-123\" src=\"https:\/\/bergsaenger-geyer.de\/wp-content\/uploads\/2018\/09\/cropped-Bergs\u00e4nger_Freisteller-e1537083174248-1-300x144.png\" alt=\"\" width=\"300\" height=\"144\" srcset=\"https:\/\/bergsaenger-geyer.de\/wp-content\/uploads\/2018\/09\/cropped-Bergs\u00e4nger_Freisteller-e1537083174248-1-300x144.png 300w, https:\/\/bergsaenger-geyer.de\/wp-content\/uploads\/2018\/09\/cropped-Bergs\u00e4nger_Freisteller-e1537083174248-1.png 400w\" sizes=\"auto, (max-width: 300px) 100vw, 300px\" \/><\/td>\n<td><\/td>\n<\/tr>\n<tr>\n<td class=\"Fliesstext\" align=\"left\" valign=\"top\"><\/td>\n<td class=\"Fliesstext\" align=\"left\" valign=\"top\"><\/td>\n<td><\/td>\n<\/tr>\n<tr>\n<td class=\"Fliesstext\" align=\"left\">\n<h4><span class=\"Ueberschrift_2\">Programm 2\u00a0 &#8211; Projekt &#8222;Silberl\u00e4nder&#8220;<br \/>\n<\/span><\/h4>\n<\/td>\n<td class=\"Fliesstext\" align=\"left\">\n<h5 class=\"Ueberschrift_2\" style=\"text-align: right;\"><span class=\"Fliesstext_gr\u00fcn\">Hits &#8211; und Klassiker<\/span><\/h5>\n<\/td>\n<td><\/td>\n<\/tr>\n<tr>\n<td class=\"Fliesstext\" align=\"left\" valign=\"top\"><img loading=\"lazy\" decoding=\"async\" class=\"alignnone size-medium wp-image-69\" src=\"https:\/\/bergsaenger-geyer.de\/wp-content\/uploads\/2017\/02\/20170217_200216-2-e1537084021837-300x116.jpg\" alt=\"\" width=\"300\" height=\"116\" srcset=\"https:\/\/bergsaenger-geyer.de\/wp-content\/uploads\/2017\/02\/20170217_200216-2-e1537084021837-300x116.jpg 300w, https:\/\/bergsaenger-geyer.de\/wp-content\/uploads\/2017\/02\/20170217_200216-2-e1537084021837-768x296.jpg 768w, https:\/\/bergsaenger-geyer.de\/wp-content\/uploads\/2017\/02\/20170217_200216-2-e1537084021837-1024x394.jpg 1024w, https:\/\/bergsaenger-geyer.de\/wp-content\/uploads\/2017\/02\/20170217_200216-2-e1537084021837-271x104.jpg 271w\" sizes=\"auto, (max-width: 300px) 100vw, 300px\" \/><img loading=\"lazy\" decoding=\"async\" class=\"alignnone size-medium wp-image-99\" src=\"https:\/\/bergsaenger-geyer.de\/wp-content\/uploads\/2018\/09\/Silberl\u00e4nder_Freisteller-300x148.png\" alt=\"\" width=\"300\" height=\"148\" srcset=\"https:\/\/bergsaenger-geyer.de\/wp-content\/uploads\/2018\/09\/Silberl\u00e4nder_Freisteller-300x148.png 300w, https:\/\/bergsaenger-geyer.de\/wp-content\/uploads\/2018\/09\/Silberl\u00e4nder_Freisteller-768x378.png 768w, https:\/\/bergsaenger-geyer.de\/wp-content\/uploads\/2018\/09\/Silberl\u00e4nder_Freisteller-1024x504.png 1024w, https:\/\/bergsaenger-geyer.de\/wp-content\/uploads\/2018\/09\/Silberl\u00e4nder_Freisteller-271x133.png 271w\" sizes=\"auto, (max-width: 300px) 100vw, 300px\" \/><\/td>\n<td class=\"Fliesstext\" align=\"left\" valign=\"top\">\n<p style=\"text-align: left;\" align=\"JUSTIFY\">Dieses Programm beinhaltet Arrangements aus dem Bereich Popmusik und Hits der vergangenen 30 Jahre. Au\u00dferdem werden neue stimmungsgeladene Lieder und Schlager im eigenen Stil pr\u00e4sentiert.<br \/>\n(im cappella und a- cappella Vortrag, Moderation)<\/p>\n<\/td>\n<td><\/td>\n<\/tr>\n<tr>\n<td class=\"Fliesstext\" align=\"left\" valign=\"top\"><\/td>\n<td class=\"Fliesstext\" align=\"left\" valign=\"top\"><\/td>\n<td><\/td>\n<\/tr>\n<tr>\n<td class=\"Fliesstext\" align=\"left\">\n<h4><span class=\"Ueberschrift_2\">Galaprogramm 3<\/span><\/h4>\n<\/td>\n<td class=\"Fliesstext\" align=\"right\">\n<h5><span class=\"Ueberschrift_2\"> <span class=\"Fliesstext_gr\u00fcn\">Volksfest, Hochzeiten, Firmen &#8211; und Geburtstagsfeiern, Jubil\u00e4en<\/span><\/span><\/h5>\n<\/td>\n<td><\/td>\n<\/tr>\n<tr>\n<td class=\"Fliesstext\" align=\"left\" valign=\"top\">\n<p class=\"Fliesstext\">je nach Absprache eine Kombination aus den Programmen 1 und 2 in erzgebirgischer Bergmannstracht, im schwarzen Anzug oder legeren Outfit. Die Bergs\u00e4nger Geyer sind dabei in der Lage, auf verschiedene Musikvorlieben zu reagieren. Die Mischung zwischen Traditionellem und Neuem ist ein Garant daf\u00fcr, ein Publikum mit den unterschiedlichsten musikalischen Vorlieben zu erreichen.<\/p>\n<p class=\"Ueberschrift_2\">\n<\/td>\n<td class=\"Fliesstext\" align=\"left\" valign=\"top\"><img loading=\"lazy\" decoding=\"async\" class=\"alignnone size-medium wp-image-72\" src=\"https:\/\/bergsaenger-geyer.de\/wp-content\/uploads\/2017\/12\/bsg_ak-e1537083905217-300x127.jpg\" alt=\"\" width=\"300\" height=\"127\" srcset=\"https:\/\/bergsaenger-geyer.de\/wp-content\/uploads\/2017\/12\/bsg_ak-e1537083905217-300x127.jpg 300w, https:\/\/bergsaenger-geyer.de\/wp-content\/uploads\/2017\/12\/bsg_ak-e1537083905217-768x326.jpg 768w, https:\/\/bergsaenger-geyer.de\/wp-content\/uploads\/2017\/12\/bsg_ak-e1537083905217-1024x435.jpg 1024w, https:\/\/bergsaenger-geyer.de\/wp-content\/uploads\/2017\/12\/bsg_ak-e1537083905217-271x115.jpg 271w, https:\/\/bergsaenger-geyer.de\/wp-content\/uploads\/2017\/12\/bsg_ak-e1537083905217.jpg 1732w\" sizes=\"auto, (max-width: 300px) 100vw, 300px\" \/><\/p>\n<p><img loading=\"lazy\" decoding=\"async\" class=\"alignnone size-medium wp-image-123\" src=\"https:\/\/bergsaenger-geyer.de\/wp-content\/uploads\/2018\/09\/cropped-Bergs\u00e4nger_Freisteller-e1537083174248-1-300x144.png\" alt=\"\" width=\"300\" height=\"144\" srcset=\"https:\/\/bergsaenger-geyer.de\/wp-content\/uploads\/2018\/09\/cropped-Bergs\u00e4nger_Freisteller-e1537083174248-1-300x144.png 300w, https:\/\/bergsaenger-geyer.de\/wp-content\/uploads\/2018\/09\/cropped-Bergs\u00e4nger_Freisteller-e1537083174248-1.png 400w\" sizes=\"auto, (max-width: 300px) 100vw, 300px\" \/><\/td>\n<td><\/td>\n<\/tr>\n<tr>\n<td class=\"Fliesstext\" align=\"left\" valign=\"top\"><\/td>\n<td class=\"Fliesstext\" align=\"left\" valign=\"top\"><\/td>\n<td><\/td>\n<\/tr>\n<tr>\n<td class=\"Fliesstext\" align=\"left\">\n<h4><span class=\"Ueberschrift_2\">Programm 4<\/span><\/h4>\n<\/td>\n<td class=\"Fliesstext\" align=\"left\">\n<h5 style=\"text-align: right;\"><span class=\"Fliesstext_gr\u00fcn\">Erzgebirgsweihnacht<\/span><\/h5>\n<\/td>\n<td><\/td>\n<\/tr>\n<tr>\n<td class=\"Fliesstext\" align=\"left\" valign=\"top\"><img loading=\"lazy\" decoding=\"async\" class=\"alignnone size-medium wp-image-73\" src=\"https:\/\/bergsaenger-geyer.de\/wp-content\/uploads\/2017\/12\/bsg_2015_front_final_klein-e1537083603671-300x122.jpg\" alt=\"\" width=\"300\" height=\"122\" srcset=\"https:\/\/bergsaenger-geyer.de\/wp-content\/uploads\/2017\/12\/bsg_2015_front_final_klein-e1537083603671-300x122.jpg 300w, https:\/\/bergsaenger-geyer.de\/wp-content\/uploads\/2017\/12\/bsg_2015_front_final_klein-e1537083603671-271x110.jpg 271w, https:\/\/bergsaenger-geyer.de\/wp-content\/uploads\/2017\/12\/bsg_2015_front_final_klein-e1537083603671.jpg 591w\" sizes=\"auto, (max-width: 300px) 100vw, 300px\" \/><\/td>\n<td class=\"Fliesstext\" align=\"left\" valign=\"top\">\n<p style=\"text-align: left;\" align=\"JUSTIFY\">Programm mit weihnachtlichen Weisen aus dem Weihnachtsland Erzgebirge, beinhaltet humorvolle Texte \u00fcber Weihnachtsbr\u00e4uche sowie Vorstellung ausgew\u00e4hlter Weihnachtstraditionen (im cappella und a- cappella Vortrag, Moderation)<\/p>\n<\/td>\n<td><\/td>\n<\/tr>\n<tr>\n<td class=\"Fliesstext\" align=\"left\" valign=\"top\"><\/td>\n<td class=\"Fliesstext\" align=\"left\" valign=\"top\"><\/td>\n<td><\/td>\n<\/tr>\n<tr>\n<td class=\"Fliesstext\" align=\"left\">\n<h4><span class=\"Ueberschrift_2\">Programm 5 <\/span><\/h4>\n<\/td>\n<td class=\"Fliesstext\" align=\"left\">\n<h5 style=\"text-align: right;\"><span class=\"Fliesstext_gr\u00fcn\">WWW &#8211; <strong>W<\/strong>eihnachten<strong>W<\/strong>elt<strong>W<\/strong>eit<\/span><\/h5>\n<\/td>\n<td><\/td>\n<\/tr>\n<tr>\n<td class=\"Fliesstext\" colspan=\"2\" align=\"left\" valign=\"top\">\n<p style=\"text-align: left;\" align=\"JUSTIFY\">Die Bergs\u00e4nger nehmen ihr Publikum mit auf eine musikalische Reise Rund um den Globus. Dabei werden Br\u00e4uche und Weihnachtstraditionen aus ausgew\u00e4hlten L\u00e4ndern pr\u00e4sentiert. Die Musik besteht dabei aus den sch\u00f6nsten Weihnachtsliedern der vorgestellten L\u00e4nder, arrangiert im popularmusikalischen Stile der Bergs\u00e4nger Geyer. Dar\u00fcberhinaus wird das Publikum durch gemeinsames Singen bekannter deutscher Weihnachtslieder ins Programm mit einbezogen. (im cappella und a- cappella Vortrag, Moderation)<\/p>\n<\/td>\n<\/tr>\n<\/tbody>\n<\/table>\n","protected":false},"excerpt":{"rendered":"<p>&nbsp; Programm 1 Erzgebirgsprogramm (au\u00dferhalb Advent) Programm mit beschwingten und besinnlichen Liedern und heiteren Texten aus dem Erzgebirge inklusive Ausz\u00fcgen aus der erzgebirgischen Bergbauhistorie (im cappella und a- cappella Vortrag, &#8230;<\/p>\n","protected":false},"author":1,"featured_media":0,"parent":0,"menu_order":0,"comment_status":"closed","ping_status":"closed","template":"","meta":{"footnotes":""},"class_list":["post-31","page","type-page","status-publish","hentry"],"_links":{"self":[{"href":"https:\/\/bergsaenger-geyer.de\/index.php?rest_route=\/wp\/v2\/pages\/31","targetHints":{"allow":["GET"]}}],"collection":[{"href":"https:\/\/bergsaenger-geyer.de\/index.php?rest_route=\/wp\/v2\/pages"}],"about":[{"href":"https:\/\/bergsaenger-geyer.de\/index.php?rest_route=\/wp\/v2\/types\/page"}],"author":[{"embeddable":true,"href":"https:\/\/bergsaenger-geyer.de\/index.php?rest_route=\/wp\/v2\/users\/1"}],"replies":[{"embeddable":true,"href":"https:\/\/bergsaenger-geyer.de\/index.php?rest_route=%2Fwp%2Fv2%2Fcomments&post=31"}],"version-history":[{"count":9,"href":"https:\/\/bergsaenger-geyer.de\/index.php?rest_route=\/wp\/v2\/pages\/31\/revisions"}],"predecessor-version":[{"id":174,"href":"https:\/\/bergsaenger-geyer.de\/index.php?rest_route=\/wp\/v2\/pages\/31\/revisions\/174"}],"wp:attachment":[{"href":"https:\/\/bergsaenger-geyer.de\/index.php?rest_route=%2Fwp%2Fv2%2Fmedia&parent=31"}],"curies":[{"name":"wp","href":"https:\/\/api.w.org\/{rel}","templated":true}]}}

<p>&nbsp;</p>
<table border="0" width="610">
<tbody>
<tr>
<td class="Ueberschrift_2" align="left">
<h4>Programm 1</h4>
</td>
<td class="Fliesstext" align="left">
<h5 style="text-align: right;"><span class="Fliesstext_grün">Erzgebirgsprogramm </span><span class="Fliesstext_grün"> (außerhalb Advent)</span></h5>
</td>
<td></td>
</tr>
<tr>
<td class="Fliesstext" align="left" valign="top">
<p style="text-align: left;" align="JUSTIFY">Programm mit beschwingten und besinnlichen Liedern und heiteren Texten aus dem Erzgebirge inklusive Auszügen aus der erzgebirgischen Bergbauhistorie (im cappella und a- cappella Vortrag, Moderation)</p>
</td>
<td class="Fliesstext" align="left" valign="top"><img loading="lazy" decoding="async" class="alignnone size-medium wp-image-123" src="https://bergsaenger-geyer.de/wp-content/uploads/2018/09/cropped-Bergsänger_Freisteller-e1537083174248-1-300x144.png" alt="" width="300" height="144" srcset="https://bergsaenger-geyer.de/wp-content/uploads/2018/09/cropped-Bergsänger_Freisteller-e1537083174248-1-300x144.png 300w, https://bergsaenger-geyer.de/wp-content/uploads/2018/09/cropped-Bergsänger_Freisteller-e1537083174248-1.png 400w" sizes="auto, (max-width: 300px) 100vw, 300px" /></td>
<td></td>
</tr>
<tr>
<td class="Fliesstext" align="left" valign="top"></td>
<td class="Fliesstext" align="left" valign="top"></td>
<td></td>
</tr>
<tr>
<td class="Fliesstext" align="left">
<h4><span class="Ueberschrift_2">Programm 2  &#8211; Projekt &#8222;Silberländer&#8220;<br />
</span></h4>
</td>
<td class="Fliesstext" align="left">
<h5 class="Ueberschrift_2" style="text-align: right;"><span class="Fliesstext_grün">Hits &#8211; und Klassiker</span></h5>
</td>
<td></td>
</tr>
<tr>
<td class="Fliesstext" align="left" valign="top"><img loading="lazy" decoding="async" class="alignnone size-medium wp-image-69" src="https://bergsaenger-geyer.de/wp-content/uploads/2017/02/20170217_200216-2-e1537084021837-300x116.jpg" alt="" width="300" height="116" srcset="https://bergsaenger-geyer.de/wp-content/uploads/2017/02/20170217_200216-2-e1537084021837-300x116.jpg 300w, https://bergsaenger-geyer.de/wp-content/uploads/2017/02/20170217_200216-2-e1537084021837-768x296.jpg 768w, https://bergsaenger-geyer.de/wp-content/uploads/2017/02/20170217_200216-2-e1537084021837-1024x394.jpg 1024w, https://bergsaenger-geyer.de/wp-content/uploads/2017/02/20170217_200216-2-e1537084021837-271x104.jpg 271w" sizes="auto, (max-width: 300px) 100vw, 300px" /><img loading="lazy" decoding="async" class="alignnone size-medium wp-image-99" src="https://bergsaenger-geyer.de/wp-content/uploads/2018/09/Silberländer_Freisteller-300x148.png" alt="" width="300" height="148" srcset="https://bergsaenger-geyer.de/wp-content/uploads/2018/09/Silberländer_Freisteller-300x148.png 300w, https://bergsaenger-geyer.de/wp-content/uploads/2018/09/Silberländer_Freisteller-768x378.png 768w, https://bergsaenger-geyer.de/wp-content/uploads/2018/09/Silberländer_Freisteller-1024x504.png 1024w, https://bergsaenger-geyer.de/wp-content/uploads/2018/09/Silberländer_Freisteller-271x133.png 271w" sizes="auto, (max-width: 300px) 100vw, 300px" /></td>
<td class="Fliesstext" align="left" valign="top">
<p style="text-align: left;" align="JUSTIFY">Dieses Programm beinhaltet Arrangements aus dem Bereich Popmusik und Hits der vergangenen 30 Jahre. Außerdem werden neue stimmungsgeladene Lieder und Schlager im eigenen Stil präsentiert.<br />
(im cappella und a- cappella Vortrag, Moderation)</p>
</td>
<td></td>
</tr>
<tr>
<td class="Fliesstext" align="left" valign="top"></td>
<td class="Fliesstext" align="left" valign="top"></td>
<td></td>
</tr>
<tr>
<td class="Fliesstext" align="left">
<h4><span class="Ueberschrift_2">Galaprogramm 3</span></h4>
</td>
<td class="Fliesstext" align="right">
<h5><span class="Ueberschrift_2"> <span class="Fliesstext_grün">Volksfest, Hochzeiten, Firmen &#8211; und Geburtstagsfeiern, Jubiläen</span></span></h5>
</td>
<td></td>
</tr>
<tr>
<td class="Fliesstext" align="left" valign="top">
<p class="Fliesstext">je nach Absprache eine Kombination aus den Programmen 1 und 2 in erzgebirgischer Bergmannstracht, im schwarzen Anzug oder legeren Outfit. Die Bergsänger Geyer sind dabei in der Lage, auf verschiedene Musikvorlieben zu reagieren. Die Mischung zwischen Traditionellem und Neuem ist ein Garant dafür, ein Publikum mit den unterschiedlichsten musikalischen Vorlieben zu erreichen.</p>
<p class="Ueberschrift_2">
</td>
<td class="Fliesstext" align="left" valign="top"><img loading="lazy" decoding="async" class="alignnone size-medium wp-image-72" src="https://bergsaenger-geyer.de/wp-content/uploads/2017/12/bsg_ak-e1537083905217-300x127.jpg" alt="" width="300" height="127" srcset="https://bergsaenger-geyer.de/wp-content/uploads/2017/12/bsg_ak-e1537083905217-300x127.jpg 300w, https://bergsaenger-geyer.de/wp-content/uploads/2017/12/bsg_ak-e1537083905217-768x326.jpg 768w, https://bergsaenger-geyer.de/wp-content/uploads/2017/12/bsg_ak-e1537083905217-1024x435.jpg 1024w, https://bergsaenger-geyer.de/wp-content/uploads/2017/12/bsg_ak-e1537083905217-271x115.jpg 271w, https://bergsaenger-geyer.de/wp-content/uploads/2017/12/bsg_ak-e1537083905217.jpg 1732w" sizes="auto, (max-width: 300px) 100vw, 300px" /></p>
<p><img loading="lazy" decoding="async" class="alignnone size-medium wp-image-123" src="https://bergsaenger-geyer.de/wp-content/uploads/2018/09/cropped-Bergsänger_Freisteller-e1537083174248-1-300x144.png" alt="" width="300" height="144" srcset="https://bergsaenger-geyer.de/wp-content/uploads/2018/09/cropped-Bergsänger_Freisteller-e1537083174248-1-300x144.png 300w, https://bergsaenger-geyer.de/wp-content/uploads/2018/09/cropped-Bergsänger_Freisteller-e1537083174248-1.png 400w" sizes="auto, (max-width: 300px) 100vw, 300px" /></td>
<td></td>
</tr>
<tr>
<td class="Fliesstext" align="left" valign="top"></td>
<td class="Fliesstext" align="left" valign="top"></td>
<td></td>
</tr>
<tr>
<td class="Fliesstext" align="left">
<h4><span class="Ueberschrift_2">Programm 4</span></h4>
</td>
<td class="Fliesstext" align="left">
<h5 style="text-align: right;"><span class="Fliesstext_grün">Erzgebirgsweihnacht</span></h5>
</td>
<td></td>
</tr>
<tr>
<td class="Fliesstext" align="left" valign="top"><img loading="lazy" decoding="async" class="alignnone size-medium wp-image-73" src="https://bergsaenger-geyer.de/wp-content/uploads/2017/12/bsg_2015_front_final_klein-e1537083603671-300x122.jpg" alt="" width="300" height="122" srcset="https://bergsaenger-geyer.de/wp-content/uploads/2017/12/bsg_2015_front_final_klein-e1537083603671-300x122.jpg 300w, https://bergsaenger-geyer.de/wp-content/uploads/2017/12/bsg_2015_front_final_klein-e1537083603671-271x110.jpg 271w, https://bergsaenger-geyer.de/wp-content/uploads/2017/12/bsg_2015_front_final_klein-e1537083603671.jpg 591w" sizes="auto, (max-width: 300px) 100vw, 300px" /></td>
<td class="Fliesstext" align="left" valign="top">
<p style="text-align: left;" align="JUSTIFY">Programm mit weihnachtlichen Weisen aus dem Weihnachtsland Erzgebirge, beinhaltet humorvolle Texte über Weihnachtsbräuche sowie Vorstellung ausgewählter Weihnachtstraditionen (im cappella und a- cappella Vortrag, Moderation)</p>
</td>
<td></td>
</tr>
<tr>
<td class="Fliesstext" align="left" valign="top"></td>
<td class="Fliesstext" align="left" valign="top"></td>
<td></td>
</tr>
<tr>
<td class="Fliesstext" align="left">
<h4><span class="Ueberschrift_2">Programm 5 </span></h4>
</td>
<td class="Fliesstext" align="left">
<h5 style="text-align: right;"><span class="Fliesstext_grün">WWW &#8211; <strong>W</strong>eihnachten<strong>W</strong>elt<strong>W</strong>eit</span></h5>
</td>
<td></td>
</tr>
<tr>
<td class="Fliesstext" colspan="2" align="left" valign="top">
<p style="text-align: left;" align="JUSTIFY">Die Bergsänger nehmen ihr Publikum mit auf eine musikalische Reise Rund um den Globus. Dabei werden Bräuche und Weihnachtstraditionen aus ausgewählten Ländern präsentiert. Die Musik besteht dabei aus den schönsten Weihnachtsliedern der vorgestellten Länder, arrangiert im popularmusikalischen Stile der Bergsänger Geyer. Darüberhinaus wird das Publikum durch gemeinsames Singen bekannter deutscher Weihnachtslieder ins Programm mit einbezogen. (im cappella und a- cappella Vortrag, Moderation)</p>
</td>
</tr>
</tbody>
</table>

<p>&nbsp; Programm 1 Erzgebirgsprogramm (außerhalb Advent) Programm mit beschwingten und besinnlichen Liedern und heiteren Texten aus dem Erzgebirge inklusive Auszügen aus der erzgebirgischen Bergbauhistorie (im cappella und a- cappella Vortrag, &#8230;</p>
